at is the remainder when x is divided by 37?
32
Let b(u) = -64*u + 205. Calculate the remainder when 41 is divided by b(3).
2
Let s = 76 + -71. Suppose s*z + 17 = 182. Suppose 3*r - 14*r + z = 0. Calculate the remainder when 7 is divided by r.
1
Suppose -2*j - 112 = -114. Calculate the remainder when (j*-26)/(4/(-36)*3) is divided by 8.
6
Let x be (-115)/((-7 + 2)/15). Suppose 96 = -342*k + x*k. Suppose -2*s - 4*q = -k, -3*s - 2*q - 25 = -69. Calculate the remainder when s is divided by 4.
2
Let a = 52 - 46. Let r be 3/a*((-110 - 0) + 4). Let x = 64 + r. Calculate the remainder when x is divided by 9.
2
Let l be -5*1 - (-40 + 26). Let i(p) = 18*p + 1. Calculate the remainder when i(3) is divided by (-1)/(l/(-162)) + (3 - 2).
17
Suppose -15*o - 37*o + 4079 = 907. Calculate the remainder when 543 is divided by o.
55
Suppose -3*s + 5*b + 48 = -0*b, -4*s = -2*b - 36. What is the remainder when 293 is divided by s?
5
Suppose 0 = f - 3*p - 25, 4*f = -p + 14 + 34. Suppose 4*b + b = -3*g + 65, 0 = b - g - f. Calculate the remainder when 24 is divided by b.
11
Let c(p) = -47*p. Suppose -1094*z + 24960 = 1402*z. Calculate the remainder when c(-2) is divided by z.
4
Suppose h - 24436 = -40*h. Let q = h + -423. What is the remainder when q is divided by 44?
41
Let g = -471 - -195. Let i = g + 478. What is the remainder when i is divided by (((-3)/(-21))/1)/(40/140)*68?
32
Let m(i) = 3*i**3 - 12*i**2 + 2*i + 93. What is the remainder when m(7) is divided by 12?
8
Suppose 0 = -5*b + 1165 - 400. Suppose 2507 - 3189 = -31*i. Calculate the remainder when b is divided by i.
21
Let w(m) = -m**3 - 25*m**2 - 50*m - 30. What is the remainder when w(-23) is divided by 13?
10
Let n = -9743 + 9928. What is the remainder when 5178 is divided by n?
183
Calculate the remainder when 4821 is divided by (-5)/((-240)/(-36))*-32.
21
Let k(v) be the first derivative of -1/2*v**2 - 26 + 10*v. Calculate the remainder when k(-5) is divided by 10.
5
Suppose -5*k + 6537 = -4843. Suppose -2281*r + 60 = -k*r. What is the remainder when 82 is divided by r?
10
Let q(i) = i**3 + 6*i**2 + 2*i - 6. Let z = 396 + -266. Suppose -z = -4*x + 5*r, x - 6 - 26 = r. Calculate the remainder when x is divided by q(-4).
12
Let q be 1 + 3 - (-4 - 9/(-3)). Calculate the remainder when 95 is divided by (-32)/q*(-35)/14.
15
Suppose -5*v + 2*v = -57. Suppose 11 = l + 3*d - 12, -l + v = -d. Suppose 0*p + 2*p - l = 0. Calculate the remainder when 28 is divided by p.
8
Suppose 11*g = g - 60. Let h(j) = 2*j**2 - 6*j - 19. Let d be h(g). Suppose 0 = -5*v - 44 + d. Calculate the remainder when 21 is divided by v.
3
What is the remainder when (717/(-18)*2)/(55/(-495)) is divided by 5?
2
Suppose 0 = 3*v + 4*z - 53, -5 = 3*z - 11. Calculate the remainder when 128 is divided by v.
8
Let u = -3774 + 3787. Let x(q) = -q**3 - 4*q**2 + 3*q. Let k be x(-4). Let g = u - k. Calculate the remainder when 46 is divided by g.
21
Suppose -3*g + 862 = -4*j, j + 2*g = 6*g - 209. Let z = j - -325. What is the remainder when z is divided by 22?
20
Let k(v) = -3*v + 20. Let j be k(6). Suppose d = j, 0 = -t - 5*d + 44 - 16. What is the remainder when 224 is divided by t?
8
Suppose -8*x = -7*x - 4*u - 916, -1822 = -2*x - 2*u. What is the remainder when x is divided by 11?
10
Suppose 24*w = 18*w + 126. Suppose w*u - 20 = 19*u. Calculate the remainder when 227 is divided by u.
7
Suppose -4*z - 4975 - 34071 = -9*u, -5*z = -40. Calculate the remainder when u is divided by 2170.
2
Let j = 7657 - 7626. What is the remainder when 891 is divided by j?
23
Let r = -97 + 121. Let f = 955 - 910. Calculate the remainder when f is divided by r.
21
Let y(a) = 24*a**2 - 433*a - 33. What is the remainder when y(21) is divided by 1?
0
Let k(v) = 10*v**2 - 11*v + 13. Let b(l) = 2*l + 16. Let d be b(-6). Calculate the remainder when k(d) is divided by 12.
9
Let g(i) = 8*i + 33. Let z be g(-26). Let d = 190 + z. What is the remainder when d is divided by 6?
3
Let o = 1323 + -1280. Let b(y) = 3*y - 7. Let p be b(3). What is the remainder when (-39)/6*(-52)/p is divided by o?
40
What is the remainder when ((-69476)/66)/(12/(-18)) is divided by 24?
19
Let t(a) be the second derivative of 19*a**3/6 - 23*a**2/2 - 3*a. Let w = -372 + 379. Calculate the remainder when t(w) is divided by 28.
26
Let f = -11796 + 13596. Calculate the remainder when f is divided by 95.
90
Let b be 0 + 80/36 - 4/18. Suppose 3*q = 5*q - 4*a + b, 0 = 5*a - 10. Suppose q = -i, n - i - 5 = 33. Calculate the remainder when 136 is divided by n.
31
Let h(p) = -13*p - 3. Let g be h(-4). Let k be (-11)/((-847)/(-66))*(1 - 8). Let x = g - k. Calculate the remainder when x is divided by 9.
7
Let a = 834 + -501. Let x = a + -273. What is the remainder when x is divided by 5?
0
Suppose 0 = -9*a + 12*a + 12. Let d be 6/a - 60/(-24). Suppose 2*k - d = 113. What is the remainder when k is divided by 31?
26
Let w(y) = y**2 - 4*y + 100. What is the remainder when w(0) is divided by 1*2 - (-200)/(-16)*-4?
48
Let s(f) = -f**2 + 8*f - 2. Let u be s(7). Let g(h) = -h - 5. Let a be g(u). Calculate the remainder when (-576)/a + (-12)/210*-7 is divided by 17.
7
Suppose -4*z + 1049 = 3*l - 1312, -5*l + 3949 = 2*z. Calculate the remainder when l is divided by 57.
50
Let m be (0 + 1364/(-12))*-3. Let p = -209 + m. Let q = p + -125. What is the remainder when 25 is divided by q?
4
What is the remainder when 340 is divided by 1610/20 + ((-15)/(-10))/1?
12
Suppose 8594*p + 3632 = 8598*p. What is the remainder when p is divided by 90?
8
Suppose 1757*l - 1737*l - 85 - 95 = 0. Let v = -46 + 116. What is the remainder when v is divided by l?
7
Let b(y) = -y**3 - 12*y**2 + 61*y - 27. Let f = 10 + -16. Let p = f - -11. Calculate the remainder when b(-16) is divided by p.
1
Let y(f) = 16*f**2 - 4*f. Let q = 15256 + -15219. Calculate the remainder when y(-3) is divided by q.
8
Let x(w) = w**3 + 3*w**2 - 3*w + 1. Calculate the remainder when 320 is divided by x(3).
44
Suppose -419 = -c - 124. Let w = -213 + c. Calculate the remainder when 817 is divided by w.
79
Let v be (-1 + 2)*(1 + 3/(-3)). Calculate the remainder when 202 is divided by (v + 17)/(4/4).
15
Suppose 4*l - 9*l = -4*q + 423, 5*l = 2*q - 209. Suppose 5*o - 4*r = q, o = -o - r + 35. What is the remainder when 227 is divided by o?
18
Suppose -19008 = 374*q - 473*q. What is the remainder when q is divided by 57?
21
Suppose -249 - 753 = -4*t + 3*o, -t = -o - 250. What is the remainder when t is divided by 68?
48
Let x = 3313 + -2722. What is the remainder when x is divided by 184?
39
Let g be (24/45)/4 - 516/(-180). Suppose -2*h = 5*n - 300, 808 = 5*h + n - g*n. Calculate the remainder when h is divided by 81.
79
Let r = 11 - 21. Suppose -4*u + 73 = -5*z - 33, 0 = -4*u + 4*z + 108. What is the remainder when u is divided by r*(4 + -2 - 3)?
9
Let t = -31 - -67. Let i = -418 + 417. Calculate the remainder when (-104)/i - 39/13 is divided by t.
29
Let j = -5 + 22. Suppose 1118*u = 1117*u + 117. What is the remainder when u is divided by j?
15
Let d(a) = -10*a - 5 + 0 + 4 + 752*a**2 + a**3 - 749*a**2. What is the remainder when 89 is divided by d(-4)?
20
Suppose -2*w = 296*t - 295*t - 120, -2*t - 2*w = -232. What is the remainder when 384 is divided by t?
48
Suppose 167*q = -b + 170*q + 7, -2*b = -3*q - 32. Calculate the remainder when 1533 is divided by b.
8
Let m be 64/11 + -6 + 92/22. Let t be (15/5 - m) + 0 + 25. Suppose -6*z + 174 = t. Calculate the remainder when 89 is divided by z.
14
Let d(n) = 2*n**3 + 99*n**2 + 44*n - 88. Calculate the remainder when 323 is divided by d(-49).
9
Let d(x) = -4*x + 11*x + 3*x + 51. Calculate the remainder when d(4) is divided by 8.
3
Suppose -2*u - 5*q = -8*q + 2, 3*u + 27*q = 186. Suppose -3*r - 24 + 200 = 5*c, 4*c = -r + 54. Calculate the remainder when r is divided by u.
6
Let w = 59588 + -59438. Suppose -b = 2, -3*x + b = -2*b - 123. What is the remainder when w is divided by x?
33
Let j(c) = -846*c - 3182. Calculate the remainder when j(-4) is divided by 55.
37
Suppose 12*p = -g - 27, -2*g = 4*p - 373 + 247. Let x(a) = -78*a + 2. Calculate the remainder when x(-2) is divided by g.
77
Suppose 0 = 4*x - 12 - 0. Suppose 0 = -4*n + 13 + x, -2*n - 124 = -4*w. What is the remainder when w is divided by 18?
15
Suppose -59